{"id":395,"date":"2024-05-10T16:34:11","date_gmt":"2024-05-10T14:34:11","guid":{"rendered":"https:\/\/ieloinstitut.com\/?page_id=395"},"modified":"2025-03-05T10:35:37","modified_gmt":"2025-03-05T09:35:37","slug":"evenements-futur","status":"publish","type":"page","link":"https:\/\/ieloinstitut.com\/index.php\/evenements-futur\/","title":{"rendered":"\u00c9v\u00e8nements futurs"},"content":{"rendered":"\t\t<div data-elementor-type=\"wp-page\" data-elementor-id=\"395\" class=\"elementor elementor-395\">\n\t\t\t\t<div class=\"elementor-element elementor-element-f021c6b e-flex e-con-boxed e-con e-parent\" data-id=\"f021c6b\" data-element_type=\"container\" data-e-type=\"container\">\n\t\t\t\t\t<div class=\"e-con-inner\">\n\t\t\t\t<div class=\"elementor-element elementor-element-285d52d elementor-widget elementor-widget-heading\" data-id=\"285d52d\" data-element_type=\"widget\" data-e-type=\"widget\" data-widget_type=\"heading.default\">\n\t\t\t\t<div class=\"elementor-widget-container\">\n\t\t\t\t\t<h2 class=\"elementor-heading-title elementor-size-default\">\u00c9V\u00c8NEMENTS FUTURS<\/h2>\t\t\t\t<\/div>\n\t\t\t\t<\/div>\n\t\t\t\t\t<\/div>\n\t\t\t\t<\/div>\n\t\t<div class=\"elementor-element elementor-element-0772e43 e-flex e-con-boxed e-con e-parent\" data-id=\"0772e43\" data-element_type=\"container\" data-e-type=\"container\">\n\t\t\t\t\t<div class=\"e-con-inner\">\n\t\t\t\t<div class=\"elementor-element elementor-element-e3649cc elementor-widget elementor-widget-heading\" data-id=\"e3649cc\" data-element_type=\"widget\" data-e-type=\"widget\" data-widget_type=\"heading.default\">\n\t\t\t\t<div class=\"elementor-widget-container\">\n\t\t\t\t\t<h2 class=\"elementor-heading-title elementor-size-default\"><a href=\"https:\/\/mail.ovh.net\/roundcube\/?_task=mail&#038;_action=get&#038;_mbox=INBOX.INBOX.Sent&#038;_uid=1039&#038;_token=QHnvaqUsfkFCohVCzZWpL32sTZt1A4Fe&#038;_part=2\" target=\"_blank\">Conf\u00e9rence du 28 novembre 2024- l'Argentine de \"Milei \"peut -elle \u00eatre un exemple pour la France? \nC'est le sujet autour duquel nous vous invitons \u00e0 d\u00e9battre en compagnie de notre invit\u00e9, le journaliste et \u00e9crivain Yves Bourdillon. <br><br>R\u00e9servez votre place en cliquant ici :<\/a><\/h2>\t\t\t\t<\/div>\n\t\t\t\t<\/div>\n\t\t\t\t\t<\/div>\n\t\t\t\t<\/div>\n\t\t<div class=\"elementor-element elementor-element-791a333 e-flex e-con-boxed e-con e-parent\" data-id=\"791a333\" data-element_type=\"container\" data-e-type=\"container\">\n\t\t\t\t\t<div class=\"e-con-inner\">\n\t\t\t\t<div class=\"elementor-element elementor-element-99cb9dc elementor-widget elementor-widget-button\" data-id=\"99cb9dc\" data-element_type=\"widget\" data-e-type=\"widget\" data-widget_type=\"button.default\">\n\t\t\t\t<div class=\"elementor-widget-container\">\n\t\t\t\t\t\t\t\t\t<div class=\"elementor-button-wrapper\">\n\t\t\t\t\t<a class=\"elementor-button elementor-button-link elementor-size-sm\" href=\"https:\/\/ieloinstitut.com\/wp-content\/uploads\/2024\/11\/IELO-Conference-du-28-novembre.pdf\">\n\t\t\t\t\t\t<span class=\"elementor-button-content-wrapper\">\n\t\t\t\t\t\t\t\t\t<span class=\"elementor-button-text\">R\u00e9servez votre place ici <\/span>\n\t\t\t\t\t<\/span>\n\t\t\t\t\t<\/a>\n\t\t\t\t<\/div>\n\t\t\t\t\t\t\t\t<\/div>\n\t\t\t\t<\/div>\n\t\t\t\t\t<\/div>\n\t\t\t\t<\/div>\n\t\t<div class=\"elementor-element elementor-element-a25217d e-flex e-con-boxed e-con e-parent\" data-id=\"a25217d\" data-element_type=\"container\" data-e-type=\"container\">\n\t\t\t\t\t<div class=\"e-con-inner\">\n\t\t\t\t\t<\/div>\n\t\t\t\t<\/div>\n\t\t<div class=\"elementor-element elementor-element-11acf7b e-flex e-con-boxed e-con e-parent\" data-id=\"11acf7b\" data-element_type=\"container\" data-e-type=\"container\">\n\t\t\t\t\t<div class=\"e-con-inner\">\n\t\t\t\t<div class=\"elementor-element elementor-element-62425c6 elementor-widget elementor-widget-text-editor\" data-id=\"62425c6\" data-element_type=\"widget\" data-e-type=\"widget\" data-widget_type=\"text-editor.default\">\n\t\t\t\t<div class=\"elementor-widget-container\">\n\t\t\t\t\t\t\t\t\t<h3>Conf\u00e9rence du 14 janvier 2024- R\u00e9inventer la politique du logement, une \u00e9tape essentielle de la r\u00e9forme de notre mod\u00e8le social. C&rsquo;est le sujet autour duquel nous vous invitons \u00e0 d\u00e9battre en compagnie de notre invit\u00e9 Vincent B\u00e9nard.<\/h3>\t\t\t\t\t\t\t\t<\/div>\n\t\t\t\t<\/div>\n\t\t\t\t<div class=\"elementor-element elementor-element-e76bdfb elementor-widget elementor-widget-button\" data-id=\"e76bdfb\" data-element_type=\"widget\" data-e-type=\"widget\" data-widget_type=\"button.default\">\n\t\t\t\t<div class=\"elementor-widget-container\">\n\t\t\t\t\t\t\t\t\t<div class=\"elementor-button-wrapper\">\n\t\t\t\t\t<a class=\"elementor-button elementor-button-link elementor-size-sm\" href=\"https:\/\/ieloinstitut.com\/wp-content\/uploads\/2024\/12\/Invitation-IELO-14-janvier-.pdf\" id=\"R\u00e9servez votre place ici \">\n\t\t\t\t\t\t<span class=\"elementor-button-content-wrapper\">\n\t\t\t\t\t\t<span class=\"elementor-button-icon\">\n\t\t\t\t<svg xmlns=\"http:\/\/www.w3.org\/2000\/svg\" id=\"aaf4d88f-6908-42b9-b3d6-5d6a3ec06a43\" data-name=\"Layer 1\" width=\"27\" height=\"26\" viewBox=\"0 0 27 26\"><path d=\"M26.9922,13.12c0-1.952.0071-3.904-.0054-5.856a7.4912,7.4912,0,0,0-.12-1.3338,6.9762,6.9762,0,0,0-2.4989-4.1911,7.3149,7.3149,0,0,0-4.73-1.7279c-4.031-.02-8.0623-.0061-12.0935-.0071a7.347,7.347,0,0,0-3.6653.907,6.9367,6.9367,0,0,0-3.85,6.2265C-.025,11.0332.0121,14.93.0169,18.8272a6.5069,6.5069,0,0,0,.8908,3.3475A7.2785,7.2785,0,0,0,7.419,25.9708c4.0565.0558,8.1145.0148,12.1719.0131a7.6378,7.6378,0,0,0,4.9015-1.8408,6.9218,6.9218,0,0,0,2.4928-5.276C27.0143,16.9517,26.9915,15.0354,26.9922,13.12ZM13.4174,20.21a7.3625,7.3625,0,0,1-7.4061-7.2182,7.3505,7.3505,0,0,1,7.4992-7.2115,7.3516,7.3516,0,0,1,7.4852,7.2146A7.37,7.37,0,0,1,13.4174,20.21ZM22.4962,5.7791a1.48,1.48,0,0,1-1.5005-1.4476,1.5014,1.5014,0,0,1,3-.0009A1.481,1.481,0,0,1,22.4962,5.7791Z\" transform=\"translate(0 0)\" style=\"fill-rule:evenodd\"><\/path><path d=\"M13.4969,8.3571a4.7331,4.7331,0,0,0-4.8183,4.6445,4.74,4.74,0,0,0,4.8241,4.6413,4.74,4.74,0,0,0,4.8187-4.6466A4.7342,4.7342,0,0,0,13.4969,8.3571Z\" transform=\"translate(0 0)\" style=\"fill-rule:evenodd\"><\/path><\/svg>\t\t\t<\/span>\n\t\t\t\t\t\t\t\t\t<span class=\"elementor-button-text\">R\u00e9servez votre place ici<\/span>\n\t\t\t\t\t<\/span>\n\t\t\t\t\t<\/a>\n\t\t\t\t<\/div>\n\t\t\t\t\t\t\t\t<\/div>\n\t\t\t\t<\/div>\n\t\t\t\t\t<\/div>\n\t\t\t\t<\/div>\n\t\t<div class=\"elementor-element elementor-element-13c4b07 e-flex e-con-boxed e-con e-parent\" data-id=\"13c4b07\" data-element_type=\"container\" data-e-type=\"container\">\n\t\t\t\t\t<div class=\"e-con-inner\">\n\t\t\t\t<div class=\"elementor-element elementor-element-59fa6b5 elementor-widget elementor-widget-text-editor\" data-id=\"59fa6b5\" data-element_type=\"widget\" data-e-type=\"widget\" data-widget_type=\"text-editor.default\">\n\t\t\t\t<div class=\"elementor-widget-container\">\n\t\t\t\t\t\t\t\t\t<h3>Conf\u00e9rence du 12 mars 2025 &#8211; Les enjeux de la France pour le Nucl\u00e9aire civil. C&rsquo;est le sujet autour duquel nous vous invitons \u00e0 d\u00e9battre autour de notre invit\u00e9, Thierry Rolland.\u00a0<\/h3><h2><strong>R\u00e9servez votre place par mail : muriel.le-podras@ieloinstitut.com<\/strong><\/h2>\t\t\t\t\t\t\t\t<\/div>\n\t\t\t\t<\/div>\n\t\t\t\t\t<\/div>\n\t\t\t\t<\/div>\n\t\t\t\t<\/div>\n\t\t","protected":false},"excerpt":{"rendered":"<p>\u00c9V\u00c8NEMENTS FUTURS Conf\u00e9rence du 28 novembre 2024- l&rsquo;Argentine de \u00ab\u00a0Milei \u00ab\u00a0peut -elle \u00eatre un exemple pour la France? C&rsquo;est le sujet autour duquel nous vous invitons \u00e0 d\u00e9battre en compagnie de notre invit\u00e9, le journaliste et \u00e9crivain Yves Bourdillon. R\u00e9servez votre place en cliquant ici : R\u00e9servez votre place ici Conf\u00e9rence du 14 janvier 2024- [&hellip;]<\/p>\n","protected":false},"author":1,"featured_media":0,"parent":0,"menu_order":0,"comment_status":"closed","ping_status":"closed","template":"","meta":{"footnotes":""},"class_list":["post-395","page","type-page","status-publish","hentry"],"_links":{"self":[{"href":"https:\/\/ieloinstitut.com\/index.php\/wp-json\/wp\/v2\/pages\/395","targetHints":{"allow":["GET"]}}],"collection":[{"href":"https:\/\/ieloinstitut.com\/index.php\/wp-json\/wp\/v2\/pages"}],"about":[{"href":"https:\/\/ieloinstitut.com\/index.php\/wp-json\/wp\/v2\/types\/page"}],"author":[{"embeddable":true,"href":"https:\/\/ieloinstitut.com\/index.php\/wp-json\/wp\/v2\/users\/1"}],"replies":[{"embeddable":true,"href":"https:\/\/ieloinstitut.com\/index.php\/wp-json\/wp\/v2\/comments?post=395"}],"version-history":[{"count":53,"href":"https:\/\/ieloinstitut.com\/index.php\/wp-json\/wp\/v2\/pages\/395\/revisions"}],"predecessor-version":[{"id":669,"href":"https:\/\/ieloinstitut.com\/index.php\/wp-json\/wp\/v2\/pages\/395\/revisions\/669"}],"wp:attachment":[{"href":"https:\/\/ieloinstitut.com\/index.php\/wp-json\/wp\/v2\/media?parent=395"}],"curies":[{"name":"wp","href":"https:\/\/api.w.org\/{rel}","templated":true}]}}

Évènements futurs

<div data-elementor-type="wp-page" data-elementor-id="395" class="elementor elementor-395">
				<div class="elementor-element elementor-element-f021c6b e-flex e-con-boxed e-con e-parent" data-id="f021c6b" data-element_type="container" data-e-type="container">
					<div class="e-con-inner">
				<div class="elementor-element elementor-element-285d52d elementor-widget elementor-widget-heading" data-id="285d52d" data-element_type="widget" data-e-type="widget" data-widget_type="heading.default">
				<div class="elementor-widget-container">
					<h2 class="elementor-heading-title elementor-size-default">ÉVÈNEMENTS FUTURS</h2>				</div>
				</div>
					</div>
				</div>
		<div class="elementor-element elementor-element-0772e43 e-flex e-con-boxed e-con e-parent" data-id="0772e43" data-element_type="container" data-e-type="container">
					<div class="e-con-inner">
				<div class="elementor-element elementor-element-e3649cc elementor-widget elementor-widget-heading" data-id="e3649cc" data-element_type="widget" data-e-type="widget" data-widget_type="heading.default">
				<div class="elementor-widget-container">
					<h2 class="elementor-heading-title elementor-size-default"><a href="https://mail.ovh.net/roundcube/?_task=mail&#038;_action=get&#038;_mbox=INBOX.INBOX.Sent&#038;_uid=1039&#038;_token=QHnvaqUsfkFCohVCzZWpL32sTZt1A4Fe&#038;_part=2" target="_blank">Conférence du 28 novembre 2024- l'Argentine de "Milei "peut -elle être un exemple pour la France? 
C'est le sujet autour duquel nous vous invitons à débattre en compagnie de notre invité, le journaliste et écrivain Yves Bourdillon. <br><br>Réservez votre place en cliquant ici :</a></h2>				</div>
				</div>
					</div>
				</div>
		<div class="elementor-element elementor-element-791a333 e-flex e-con-boxed e-con e-parent" data-id="791a333" data-element_type="container" data-e-type="container">
					<div class="e-con-inner">
				<div class="elementor-element elementor-element-99cb9dc elementor-widget elementor-widget-button" data-id="99cb9dc" data-element_type="widget" data-e-type="widget" data-widget_type="button.default">
				<div class="elementor-widget-container">
									<div class="elementor-button-wrapper">
					<a class="elementor-button elementor-button-link elementor-size-sm" href="https://ieloinstitut.com/wp-content/uploads/2024/11/IELO-Conference-du-28-novembre.pdf">
						<span class="elementor-button-content-wrapper">
									<span class="elementor-button-text">Réservez votre place ici </span>
					</span>
					</a>
				</div>
								</div>
				</div>
					</div>
				</div>
		<div class="elementor-element elementor-element-a25217d e-flex e-con-boxed e-con e-parent" data-id="a25217d" data-element_type="container" data-e-type="container">
					<div class="e-con-inner">
					</div>
				</div>
		<div class="elementor-element elementor-element-11acf7b e-flex e-con-boxed e-con e-parent" data-id="11acf7b" data-element_type="container" data-e-type="container">
					<div class="e-con-inner">
				<div class="elementor-element elementor-element-62425c6 elementor-widget elementor-widget-text-editor" data-id="62425c6" data-element_type="widget" data-e-type="widget" data-widget_type="text-editor.default">
				<div class="elementor-widget-container">
									<h3>Conférence du 14 janvier 2024- Réinventer la politique du logement, une étape essentielle de la réforme de notre modèle social. C&rsquo;est le sujet autour duquel nous vous invitons à débattre en compagnie de notre invité Vincent Bénard.</h3>								</div>
				</div>
				<div class="elementor-element elementor-element-e76bdfb elementor-widget elementor-widget-button" data-id="e76bdfb" data-element_type="widget" data-e-type="widget" data-widget_type="button.default">
				<div class="elementor-widget-container">
									<div class="elementor-button-wrapper">
					<a class="elementor-button elementor-button-link elementor-size-sm" href="https://ieloinstitut.com/wp-content/uploads/2024/12/Invitation-IELO-14-janvier-.pdf" id="Réservez votre place ici ">
						<span class="elementor-button-content-wrapper">
						<span class="elementor-button-icon">
				<svg xmlns="http://www.w3.org/2000/svg" id="aaf4d88f-6908-42b9-b3d6-5d6a3ec06a43" data-name="Layer 1" width="27" height="26" viewBox="0 0 27 26"><path d="M26.9922,13.12c0-1.952.0071-3.904-.0054-5.856a7.4912,7.4912,0,0,0-.12-1.3338,6.9762,6.9762,0,0,0-2.4989-4.1911,7.3149,7.3149,0,0,0-4.73-1.7279c-4.031-.02-8.0623-.0061-12.0935-.0071a7.347,7.347,0,0,0-3.6653.907,6.9367,6.9367,0,0,0-3.85,6.2265C-.025,11.0332.0121,14.93.0169,18.8272a6.5069,6.5069,0,0,0,.8908,3.3475A7.2785,7.2785,0,0,0,7.419,25.9708c4.0565.0558,8.1145.0148,12.1719.0131a7.6378,7.6378,0,0,0,4.9015-1.8408,6.9218,6.9218,0,0,0,2.4928-5.276C27.0143,16.9517,26.9915,15.0354,26.9922,13.12ZM13.4174,20.21a7.3625,7.3625,0,0,1-7.4061-7.2182,7.3505,7.3505,0,0,1,7.4992-7.2115,7.3516,7.3516,0,0,1,7.4852,7.2146A7.37,7.37,0,0,1,13.4174,20.21ZM22.4962,5.7791a1.48,1.48,0,0,1-1.5005-1.4476,1.5014,1.5014,0,0,1,3-.0009A1.481,1.481,0,0,1,22.4962,5.7791Z" transform="translate(0 0)" style="fill-rule:evenodd"></path><path d="M13.4969,8.3571a4.7331,4.7331,0,0,0-4.8183,4.6445,4.74,4.74,0,0,0,4.8241,4.6413,4.74,4.74,0,0,0,4.8187-4.6466A4.7342,4.7342,0,0,0,13.4969,8.3571Z" transform="translate(0 0)" style="fill-rule:evenodd"></path></svg>			</span>
									<span class="elementor-button-text">Réservez votre place ici</span>
					</span>
					</a>
				</div>
								</div>
				</div>
					</div>
				</div>
		<div class="elementor-element elementor-element-13c4b07 e-flex e-con-boxed e-con e-parent" data-id="13c4b07" data-element_type="container" data-e-type="container">
					<div class="e-con-inner">
				<div class="elementor-element elementor-element-59fa6b5 elementor-widget elementor-widget-text-editor" data-id="59fa6b5" data-element_type="widget" data-e-type="widget" data-widget_type="text-editor.default">
				<div class="elementor-widget-container">
									<h3>Conférence du 12 mars 2025 &#8211; Les enjeux de la France pour le Nucléaire civil. C&rsquo;est le sujet autour duquel nous vous invitons à débattre autour de notre invité, Thierry Rolland. </h3><h2><strong>Réservez votre place par mail : muriel.le-podras@ieloinstitut.com</strong></h2>								</div>
				</div>
					</div>
				</div>
				</div>

<p>ÉVÈNEMENTS FUTURS Conférence du 28 novembre 2024- l&rsquo;Argentine de « Milei « peut -elle être un exemple pour la France? C&rsquo;est le sujet autour duquel nous vous invitons à débattre en compagnie de notre invité, le journaliste et écrivain Yves Bourdillon. Réservez votre place en cliquant ici : Réservez votre place ici Conférence du 14 janvier 2024- [&hellip;]</p>
